{"id":39,"date":"2018-10-31T18:16:30","date_gmt":"2018-10-31T17:16:30","guid":{"rendered":"http:\/\/ninjutsu-europa.de\/shop\/?post_type=product&#038;p=39"},"modified":"2025-03-20T20:23:54","modified_gmt":"2025-03-20T19:23:54","slug":"ninjutsu-lern-dvd-10th-9th-kyu","status":"publish","type":"product","link":"https:\/\/ninjutsu-europa.de\/shop\/produkt\/ninjutsu-lern-dvd-10th-9th-kyu\/","title":{"rendered":"Ninjutsu Lern Video 10th &#038; 9th Kyu"},"content":{"rendered":"<p>Hiden Ninpo Bugei 10.Kyu&amp; 9.Kyu. In diesem Video zeigt Thorsten Ritz ehm. Leiter eines namhaften XKan Verbandes aus Japan.Den 10. KyuGrades in seiner Form und auslegung. Angefangen von der Etikette und dem Betreten des Trainingsraumes (jap.Dojo) zu verschiedenen Tageszeiten. Hier werden 3 Tageszeiten vorgestellt. Anschlie\u00dfend wird hier kurz Augenmerk auf Regeln innerhalb von japanischen Dojos hingewiesen. Dann wird auf Sicherheitsregeln hingewiesen, um Verletzungen vorzubeugen das Abklopfen. Dann wird erkl\u00e4rt wie man sich Notizen im Dojo macht ohne sich oder andere zu gef\u00e4hrden, dieser Aspekt wird kaum irgendwo gezeigt. Weiter geht es mit Toter Fu\u00df(flach liegend) &amp; Lebendiger Fu\u00df (auf Fu\u00dfballen) stehend.<\/p>\n<p>Laufzeit ca. 50 Min.<\/p>\n<p><span style=\"color: #008000;\">Sofort als Download<br \/>\n<\/span><\/p>\n","protected":false},"excerpt":{"rendered":"<p>Den 10. KyuGrades in seiner Form und Auslegung. Angefangen von der Etikette und dem Betreten des Trainingsraumes (jap. Dojo) zu verschiedenen Tageszeiten<\/p>\n","protected":false},"featured_media":40,"comment_status":"open","ping_status":"closed","template":"","meta":[],"product_brand":[],"product_cat":[16,18],"product_tag":[25,26,24,27],"class_list":{"0":"post-39","1":"product","2":"type-product","3":"status-publish","4":"has-post-thumbnail","6":"product_cat-dvds","7":"product_cat-ninjutsu","8":"product_tag-dvd","9":"product_tag-ninja","10":"product_tag-ninjutsu","11":"product_tag-shinobi","13":"first","14":"instock","15":"downloadable","16":"virtual","17":"purchasable","18":"product-type-simple"},"_links":{"self":[{"href":"https:\/\/ninjutsu-europa.de\/shop\/wp-json\/wp\/v2\/product\/39","targetHints":{"allow":["GET"]}}],"collection":[{"href":"https:\/\/ninjutsu-europa.de\/shop\/wp-json\/wp\/v2\/product"}],"about":[{"href":"https:\/\/ninjutsu-europa.de\/shop\/wp-json\/wp\/v2\/types\/product"}],"replies":[{"embeddable":true,"href":"https:\/\/ninjutsu-europa.de\/shop\/wp-json\/wp\/v2\/comments?post=39"}],"wp:featuredmedia":[{"embeddable":true,"href":"https:\/\/ninjutsu-europa.de\/shop\/wp-json\/wp\/v2\/media\/40"}],"wp:attachment":[{"href":"https:\/\/ninjutsu-europa.de\/shop\/wp-json\/wp\/v2\/media?parent=39"}],"wp:term":[{"taxonomy":"product_brand","embeddable":true,"href":"https:\/\/ninjutsu-europa.de\/shop\/wp-json\/wp\/v2\/product_brand?post=39"},{"taxonomy":"product_cat","embeddable":true,"href":"https:\/\/ninjutsu-europa.de\/shop\/wp-json\/wp\/v2\/product_cat?post=39"},{"taxonomy":"product_tag","embeddable":true,"href":"https:\/\/ninjutsu-europa.de\/shop\/wp-json\/wp\/v2\/product_tag?post=39"}],"curies":[{"name":"wp","href":"https:\/\/api.w.org\/{rel}","templated":true}]}}